) = -u**3 - 14*u**2 + 9*u + 10. Let k be n(-15). Let y be ((-2)/4)/((-3)/150). Calculate the highest common factor of k and y.
25
Let v(c) = 3*c**2 + 4*c + 1. Let f be v(-2). What is the greatest common divisor of f and 45?
5
Suppose -2*k - 8 = s - 3, -5*k = 15. Let u(z) = 10*z - 1. Let d be u(s). Calculate the greatest common divisor of d and 6.
3
Let j be (-3)/33*-442 + (-2)/11. Calculate the highest common divisor of 10 and j.
10
Let p(q) = 62*q**2 - 3*q - 1. Let r be p(-2). Calculate the greatest common factor of r and 23.
23
Suppose 12 = 3*u, -r + 3*u + 5 + 13 = 0. Calculate the highest common divisor of r and 330.
30
Let a(p) = -p**3 - p**2 + p + 9. Let x be 1 + 0/(-1) + -1. Let i be a(x). Let l = 29 + -20. Calculate the greatest common divisor of l and i.
9
Let t(z) = -3*z + 5. Let q be t(-13). Calculate the greatest common factor of q and 22.
22
Suppose -n - 9 = -3*v + 4, -3*v = -3*n - 15. Let t be -46*((-30)/v + 2). Calculate the greatest common divisor of t and 23.
23
Let j be 0 + -3 + 5 - 3. Let n be (30*-2)/(j - 0). What is the highest common divisor of 24 and n?
12
Let n(c) = -3*c - 2. Let j be n(-5). What is the greatest common divisor of 39 and j?
13
Let o be ((-38)/5)/(3/(-30)). Calculate the greatest common factor of o and 19.
19
Suppose 5*h - 2*s - 228 = 0, -3*h = -5*s - 33 - 100. Calculate the greatest common divisor of 23 and h.
23
Suppose -6 = -3*d - 0. Suppose 2*o - 2*p = 2*p + 32, 3*o + d*p - 32 = 0. Calculate the greatest common factor of o and 36.
12
Let m = -82 - -92. What is the greatest common factor of m and 10?
10
Suppose 3*w + w - 15 = -c, -4*c + 4*w = -40. Suppose 176 = -r + 5*r. Calculate the greatest common factor of r and c.
11
Let i(x) = 4*x + 7. Let k be i(8). Calculate the greatest common divisor of k and 273.
39
Suppose 0 = 4*a - 9 + 1. Let b(o) = 5*o**2 - 3*o + 3. Let x be b(2). Suppose -5*r - x = -3*y + a, y = 3*r + 5. What is the highest common divisor of y and 88?
8
Suppose 12*f = 38 + 22. Suppose -2*x + 107 + 57 = 0. Suppose -3*m + x = 7. What is the highest common factor of f and m?
5
Let j = 0 + -15. Let x be (j - -11)*5*-3. What is the highest common factor of 15 and x?
15
Suppose -5*s = -64 - 236. Calculate the greatest common divisor of 12 and s.
12
Suppose 101 - 37 = o - 5*k, -5*o - k + 216 = 0. Suppose 11*w - 55 = -11. What is the highest common factor of o and w?
4
Suppose 0 = 4*f - 8 - 56. Let o be (-8)/12*(1 - f). Suppose -5*m + 40 = -o. What is the greatest common divisor of m and 90?
10
Let s be (-32)/(-12) + 6/(-9). Let y be 42 + s/((-2)/(-3)). Let j = 14 - 5. Calculate the highest common divisor of y and j.
9
Let h(g) = -g**3 - 10*g**2 - g + 4. Let o be h(-10). What is the highest common divisor of o and 98?
14
Let i be 1/((3/(-9))/(-1)). Suppose i*s - 4*s + 4*u + 22 = 0, 5*u + 140 = 5*s. Suppose 0*g + 2*g = s. What is the greatest common divisor of g and 3?
3
Let a be 1/(1/1) + 3. Let w be (2/4)/(1/(-4)). Let h be a/(-6)*21/w. What is the greatest common factor of h and 35?
7
Let n(r) = r**2 - 5*r + 4. Let p be n(-3). Let b(w) = -111*w**3 - w. Let i be b(-1). What is the greatest common divisor of p and i?
28
Suppose 29 = -3*s + k, 0*s = s + 3*k - 7. Let x = s + 7. Let b(f) = 103*f**2 - f. Let p be b(x). What is the highest common factor of p and 13?
13
Suppose 0 = a - 5*z - 4, 0 = 3*z + 3 - 6. Let g be 14/(22/18 + -1). Calculate the highest common divisor of g and a.
9
Let g(p) = p**2 + 8*p + 4. Let s be g(-8). Calculate the highest common divisor of s and 44.
4
Let v be (-4)/5 - (-3048)/60. Calculate the greatest common factor of 30 and v.
10
Let p be (-3)/9 + 14/6. Let m be -2 - (-46 + (-1 - -4)). Suppose 2*l = -2*o + 50, -2*o + m - 13 = l. What is the greatest common factor of l and p?
2
Let g = -3 - -138. Calculate the greatest common factor of g and 15.
15
Suppose 3*u - 78 = -0*u. What is the highest common factor of u and 13?
13
Suppose 33 = r - 7. Suppose -2*t = 3*t - r. Calculate the highest common divisor of t and 72.
8
Suppose 4*h = 8, 5*h + 8 = 5*j - 7. Suppose -37 - 188 = -j*f. What is the greatest common factor of f and 5?
5
Let k(s) = 4*s - 6. Let w = 3 - 7. Let u = 1 - w. Let l be k(u). What is the greatest common divisor of 56 and l?
14
Suppose 0 = -2*a - 0*a + 18. What is the greatest common divisor of 3 and a?
3
Let b = -19 - -62. Let f(v) = v - 6. Let h be f(0). Let y be b + (-4)/h*3. Calculate the highest common factor of 5 and y.
5
Let f = 943 + -481. Calculate the greatest common factor of 42 and f.
42
Let j(f) = f**3 + 9*f**2 - 10*f - 1. Let i be j(-8). What is the highest common factor of i and 13?
13
Suppose 5*z - 5*v + 730 = -0*z, -4*v = 5*z + 712. Let h = 21 - z. Suppose 6*f = 2*f + 60. What is the greatest common factor of h and f?
15
Let c = 9 + 1. What is the greatest common divisor of 25 and c?
5
Suppose -3*b + 528 = -0*b. Let x(j) = 7*j + 3. Let w be x(-5). Let g = w + b. What is the highest common factor of 16 and g?
16
Let v(b) = b**2 - 3*b - 6. Let k be v(6). Let q = 137 + -89. Calculate the highest common divisor of q and k.
12
Let r(c) = 9*c**2 - c. Let l be r(-2). What is the greatest common factor of l and 57?
19
Suppose -3*p = 3*t + 2*p - 125, -3*t = -3*p - 117. What is the greatest common factor of 180 and t?
20
Suppose -5*q - 6 + 46 = 0. Calculate the greatest common factor of 1 and q.
1
Let o be 50/(-4)*(-4)/2. Let s = -13 - -19. Suppose r - s - 4 = 0. What is the highest common factor of r and o?
5
Suppose -z - 4*f - 6 = 2*z, 3*z = 2*f + 12. Suppose 2*m + 11 = -m - 4*u, z*m = -u - 14. Let a = m + 22. What is the highest common factor of a and 52?
13
Let i = -35 - -37. What is the highest common factor of i and 2?
2
Let h(a) = 4*a**2 - 6. Let o be h(3). Calculate the highest common divisor of 90 and o.
30
Let p be 2/(-8) + 22/(-8). Let y = -1 - p. What is the greatest common divisor of 18 and y?
2
Suppose 4*p = 4*s + 36, -4*p + 2*p + s + 13 = 0. Let v be 5/(2*2/p). Let h(u) = 9*u + 3. Let b be h(v). What is the highest common factor of 32 and b?
16
Let t(o) = o. Let w be t(2). Let z be (w + -1)/(-1) - -4. Suppose 0 = 2*n - 3*i + 7*i - 18, 5*n + z*i = 45. Calculate the greatest common divisor of n and 9.
9
Suppose -57 = -z - 3*x, -143 = -2*z - 4*x - 37. Calculate the highest common factor of z and 18.
9
Let y(o) = -o + 15. Let p be y(12). What is the greatest common divisor of 21 and p?
3
Let v = -5 + 24. What is the highest common divisor of 171 and v?
19
Let b(c) = 1 - 5 - 3 + 4*c. Let y be b(7). Calculate the highest common divisor of y and 21.
21
Let o be -2 + 4 - 2 - -62. What is the greatest common factor of 93 and o?
31
Suppose -c + 50 = 4*c. Let u(d) = -d**2 - 5*d - 1. Let g be u(-3). Suppose 8*r - g*r - 45 = 0. Calculate the highest common factor of r and c.
5
Let j be -2 + 2 + 77 - 0. Let b(r) = 10*r**2 - r. Let v be b(-1). Calculate the highest common factor of j and v.
11
Let s = -11 + 19. Let a(r) = r**3 + 5*r**2 - 12*r - 4. Let j be a(-5). Calculate the greatest common factor of j and s.
8
Suppose 30 = -5*o - 5. Let j = 113 - o. What is the greatest common factor of j and 24?
24
Let d(g) = g**2 + 26*g + 36. Let q be d(-25). Calculate the highest common divisor of q and 11.
11
Let w(y) = y**3 - 4*y**2 - 5*y + 3. Let v = -1 + 6. Let a be w(v). What is the greatest common factor of 33 and a?
3
Let a be (70/(-6))/((-15)/45). Suppose 0 = -2*p + 6 + 2. Suppose 2*h + p*t = -0*h + 32, t - 29 = -2*h. Calculate the highest common factor of h and a.
7
Let s(b) = b**2 - 12*b + 6. Let f be s(12). Let q = 7 - f. Calculate the greatest common factor of 11 and q.
1
Suppose 7*y - 3*y + 16 = 0. Let h = -2 - y. Suppose -5*q - h*k = -5*k - 120, 57 = 2*q - 3*k. Calculate the greatest common factor of q and 21.
21
Let x be ((2 - 2) + -4)*-14. Calculate the highest common factor of 8 and x.
8
Let x(k) = -k**2 - 9*k - 5. Let o be x(-8). Let t(f) = -f**3 - f**2 + 2*f + 15. Let n be t(0). Calculate the greatest common factor of o and n.
3
Let j(z) = z**3 - 7*z**2 - 10*z + 9. Let a be j(8). Let d be 24/(-14)*a/2. What is the highest common factor of 42 and d?
6
Suppose 8 = 2*z + 2*z. Suppose r - z = -r. Calculate the highest common divisor of r and 8.
1
Suppose -4*d = d - 15. Let z be (22/d)/((-4)/(-18)). What is the greatest common divisor of z and 2